{"id":13,"date":"2021-02-18T11:14:36","date_gmt":"2021-02-18T10:14:36","guid":{"rendered":"https:\/\/somgestio.es\/?page_id=13"},"modified":"2022-05-20T14:25:47","modified_gmt":"2022-05-20T12:25:47","slug":"serveis-comunitat","status":"publish","type":"page","link":"https:\/\/somgestio.es\/ca\/serveis-comunitat\/","title":{"rendered":"Servicios comunidad de vecinos"},"content":{"rendered":"<p>[vc_row][vc_column][vc_column_text]<\/p>\n<p style=\"text-align: center;\">Som Gesti\u00f3 ofereix una \u00e0mplia varietat de serveis per a comunitats de ve\u00efns. Vetllam pel bon r\u00e8gim de la comunitat i totes les seves instal\u00b7lacions, aix\u00ed com la gesti\u00f3 correcta de les despeses.<\/p>\n<p>[\/vc_column_text][\/vc_column][\/vc_row][vc_row][vc_column][vc_empty_space][vc_row_inner][vc_column_inner width=&#8221;1\/2&#8243;][vc_custom_heading text=&#8221;Els nostres serveis&#8221; font_container=&#8221;tag:h2|text_align:center&#8221; use_theme_fonts=&#8221;yes&#8221;][\/vc_column_inner][vc_column_inner width=&#8221;1\/2&#8243;][vc_custom_heading text=&#8221;On?&#8221; font_container=&#8221;tag:h2|text_align:center&#8221; use_theme_fonts=&#8221;yes&#8221;][\/vc_column_inner][\/vc_row_inner][vc_empty_space height=&#8221;12px&#8221;][vc_row_inner equal_height=&#8221;yes&#8221; gap=&#8221;25&#8243;][vc_column_inner width=&#8221;1\/2&#8243;][vc_column_text]La nostra tasca no \u00e9s purament administrativa. Realitzem un servei molt complet, atenent a la planificaci\u00f3 de les juntes, resolent avaries amb car\u00e0cter d&#8217;urg\u00e8ncia, optimitzant els recursos de cara a possibles obres o inversions que es requereixin fer i oferint una \u00e0mplia gamma de serveis.<\/p>\n<p>Serveis com a subministrament de llum, instal\u00b7laci\u00f3 d&#8217;alarmes i sistemes de seguretat, tramitaci\u00f3 d&#8217;assegurances de la comunitat de ve\u00efns i, tamb\u00e9, assessorament legal i defensa jur\u00eddica.[\/vc_column_text][vc_empty_space height=&#8221;20px&#8221;][vc_single_image image=&#8221;161&#8243; img_size=&#8221;full&#8221; alignment=&#8221;center&#8221; style=&#8221;vc_box_shadow_3d&#8221;][\/vc_column_inner][vc_column_inner width=&#8221;1\/2&#8243;][vc_column_text]<\/p>\n<p style=\"text-align: justify;\">A les localitats de Martorell, Terrassa, Monistrol, Bruc, Collbat\u00f3, Sant Andreu de la Barca, Viladecaballs, Abrera, Castellbisbal, Gelida i Esparreguera. Si la vostra comunitat de ve\u00efns est\u00e0 ubicada a qualsevol punt d&#8217;aquests municipis, pots comptar amb els nostres serveis per a una comunitat de ve\u00efns.<\/p>\n<p>[\/vc_column_text][vc_empty_space height=&#8221;10px&#8221;][vc_column_text]<iframe loading=\"lazy\" src=\"https:\/\/www.google.com\/maps\/d\/embed?mid=1LCy1FvqecRJVL1uwDdD7ataoCHaETfiv&amp;hl=es&amp;z=10\" width=\"640px\" height=\"500px\"><span style=\"display: inline-block; width: 0px; overflow: hidden; line-height: 0;\" data-mce-type=\"bookmark\" class=\"mce_SELRES_start\" frameborder=\"0\" style=\"border: 0;\" allowfullscreen=\"allowfullscreen\" aria-hidden=\"false\" tabindex=\"0\">\ufeff<\/span><\/iframe>[\/vc_column_text][\/vc_column_inner][\/vc_row_inner][vc_empty_space height=&#8221;50px&#8221;][\/vc_column][\/vc_row][vc_row full_width=&#8221;stretch_row&#8221; css=&#8221;.vc_custom_1613667234287{margin-bottom: -70px !important;background-image: url(https:\/\/somgestio.es\/wp-content\/uploads\/2021\/02\/contacto_background_home.jpg?id=89) !important;background-position: center !important;background-repeat: no-repeat !important;background-size: cover !important;}&#8221;][vc_column][vc_empty_space height=&#8221;70px&#8221;][vc_custom_heading text=&#8221;Preus administrar comunitat de ve\u00efns&#8221; font_container=&#8221;tag:h2|text_align:center|color:%23ffffff&#8221; use_theme_fonts=&#8221;yes&#8221;][vc_column_text]<\/p>\n<p style=\"text-align: center; font-size: 16px; color: #fff;\">Quines s\u00f3n les habituals tarifes dels serveis per a comunitats de ve\u00efns? Som Gesti\u00f3 ofereix cobrir les necessitats que tinguis perqu\u00e8 la teva comunitat no pagui de m\u00e9s.<\/p>\n<p style=\"text-align: center; font-size: 16px; color: #fff;\">Preus econ\u00f2mics per un servei especialitzat, amb experi\u00e8ncia i professionals qualificats. Ja sigui per ocupar-nos de tot all\u00f2 que confereix a l&#8217;administraci\u00f3 i gesti\u00f3 o nom\u00e9s per a un servei en concret: per instal\u00b7lar un sistema d&#8217;alarmes, canviar de companyia el\u00e8ctrica per estalviar en llum o per obtenir assessorament a la redacci\u00f3 de contractes oa qualsevol altre que requereixi especialistes en mat\u00e8ria jur\u00eddica per a comunitats de ve\u00efns.<\/p>\n<p style=\"text-align: center; font-size: 16px; color: #fff;\">Et realitzem un estudi de les teves despeses sense cap mena de comprom\u00eds, per aix\u00ed poder valorar la seva quota \u00e9s la correcta.&lt;\/ p&gt;<\/p>\n<p style=\"text-align: center; font-size: 16px; color: #fff;\">Demana pressupost, sense comprom\u00eds. Contacta ara amb Som Gesti\u00f3.<\/p>\n<p>[\/vc_column_text][vc_empty_space height=&#8221;20px&#8221;][vc_btn title=&#8221;CONTACTA ARA&#8221; style=&#8221;custom&#8221; custom_background=&#8221;#025692&#8243; custom_text=&#8221;#ffffff&#8221; shape=&#8221;square&#8221; size=&#8221;lg&#8221; align=&#8221;center&#8221; button_block=&#8221;true&#8221; link=&#8221;url:%2Fcontacte%2F&#8221;][vc_empty_space height=&#8221;70px&#8221;][\/vc_column][\/vc_row]<\/p>\n","protected":false},"excerpt":{"rendered":"<p>[vc_row][vc_column][vc_column_text] Som Gesti\u00f3 ofereix una \u00e0mplia varietat de serveis per a comunitats de ve\u00efns. Vetllam pel bon r\u00e8gim de la comunitat i totes les seves instal\u00b7lacions, aix\u00ed com la gesti\u00f3 correcta de les despeses. [\/vc_column_text][\/vc_column][\/vc_row][vc_row][vc_column][vc_empty_space][vc_row_inner][vc_column_inner width=&#8221;1\/2&#8243;][vc_custom_heading text=&#8221;Els nostres serveis&#8221; font_container=&#8221;tag:h2|text_align:center&#8221; use_theme_fonts=&#8221;yes&#8221;][\/vc_column_inner][vc_column_inner width=&#8221;1\/2&#8243;][vc_custom_heading text=&#8221;On?&#8221; font_container=&#8221;tag:h2|text_align:center&#8221; use_theme_fonts=&#8221;yes&#8221;][\/vc_column_inner][\/vc_row_inner][vc_empty_space height=&#8221;12px&#8221;][vc_row_inner equal_height=&#8221;yes&#8221; gap=&#8221;25&#8243;][vc_column_inner width=&#8221;1\/2&#8243;][vc_column_text]La nostra tasca no \u00e9s purament administrativa.<\/p>\n","protected":false},"author":1,"featured_media":0,"parent":0,"menu_order":0,"comment_status":"closed","ping_status":"closed","template":"","meta":[],"aioseo_notices":[],"_links":{"self":[{"href":"https:\/\/somgestio.es\/ca\/wp-json\/wp\/v2\/pages\/13"}],"collection":[{"href":"https:\/\/somgestio.es\/ca\/wp-json\/wp\/v2\/pages"}],"about":[{"href":"https:\/\/somgestio.es\/ca\/wp-json\/wp\/v2\/types\/page"}],"author":[{"embeddable":true,"href":"https:\/\/somgestio.es\/ca\/wp-json\/wp\/v2\/users\/1"}],"replies":[{"embeddable":true,"href":"https:\/\/somgestio.es\/ca\/wp-json\/wp\/v2\/comments?post=13"}],"version-history":[{"count":19,"href":"https:\/\/somgestio.es\/ca\/wp-json\/wp\/v2\/pages\/13\/revisions"}],"predecessor-version":[{"id":488,"href":"https:\/\/somgestio.es\/ca\/wp-json\/wp\/v2\/pages\/13\/revisions\/488"}],"wp:attachment":[{"href":"https:\/\/somgestio.es\/ca\/wp-json\/wp\/v2\/media?parent=13"}],"curies":[{"name":"wp","href":"https:\/\/api.w.org\/{rel}","templated":true}]}}

<p>[vc_row][vc_column][vc_column_text]</p>
<p style="text-align: center;">Som Gestió ofereix una àmplia varietat de serveis per a comunitats de veïns. Vetllam pel bon règim de la comunitat i totes les seves instal·lacions, així com la gestió correcta de les despeses.</p>
<p>[/vc_column_text][/vc_column][/vc_row][vc_row][vc_column][vc_empty_space][vc_row_inner][vc_column_inner width=&#8221;1/2&#8243;][vc_custom_heading text=&#8221;Els nostres serveis&#8221; font_container=&#8221;tag:h2|text_align:center&#8221; use_theme_fonts=&#8221;yes&#8221;][/vc_column_inner][vc_column_inner width=&#8221;1/2&#8243;][vc_custom_heading text=&#8221;On?&#8221; font_container=&#8221;tag:h2|text_align:center&#8221; use_theme_fonts=&#8221;yes&#8221;][/vc_column_inner][/vc_row_inner][vc_empty_space height=&#8221;12px&#8221;][vc_row_inner equal_height=&#8221;yes&#8221; gap=&#8221;25&#8243;][vc_column_inner width=&#8221;1/2&#8243;][vc_column_text]La nostra tasca no és purament administrativa. Realitzem un servei molt complet, atenent a la planificació de les juntes, resolent avaries amb caràcter d&#8217;urgència, optimitzant els recursos de cara a possibles obres o inversions que es requereixin fer i oferint una àmplia gamma de serveis.</p>
<p>Serveis com a subministrament de llum, instal·lació d&#8217;alarmes i sistemes de seguretat, tramitació d&#8217;assegurances de la comunitat de veïns i, també, assessorament legal i defensa jurídica.[/vc_column_text][vc_empty_space height=&#8221;20px&#8221;][vc_single_image image=&#8221;161&#8243; img_size=&#8221;full&#8221; alignment=&#8221;center&#8221; style=&#8221;vc_box_shadow_3d&#8221;][/vc_column_inner][vc_column_inner width=&#8221;1/2&#8243;][vc_column_text]</p>
<p style="text-align: justify;">A les localitats de Martorell, Terrassa, Monistrol, Bruc, Collbató, Sant Andreu de la Barca, Viladecaballs, Abrera, Castellbisbal, Gelida i Esparreguera. Si la vostra comunitat de veïns està ubicada a qualsevol punt d&#8217;aquests municipis, pots comptar amb els nostres serveis per a una comunitat de veïns.</p>
<p>[/vc_column_text][vc_empty_space height=&#8221;10px&#8221;][vc_column_text]<iframe loading="lazy" src="https://www.google.com/maps/d/embed?mid=1LCy1FvqecRJVL1uwDdD7ataoCHaETfiv&amp;hl=es&amp;z=10" width="640px" height="500px"><span style="display: inline-block; width: 0px; overflow: hidden; line-height: 0;" data-mce-type="bookmark" class="mce_SELRES_start" frameborder="0" style="border: 0;" allowfullscreen="allowfullscreen" aria-hidden="false" tabindex="0">﻿</span></iframe>[/vc_column_text][/vc_column_inner][/vc_row_inner][vc_empty_space height=&#8221;50px&#8221;][/vc_column][/vc_row][vc_row full_width=&#8221;stretch_row&#8221; css=&#8221;.vc_custom_1613667234287{margin-bottom: -70px !important;background-image: url(https://somgestio.es/wp-content/uploads/2021/02/contacto_background_home.jpg?id=89) !important;background-position: center !important;background-repeat: no-repeat !important;background-size: cover !important;}&#8221;][vc_column][vc_empty_space height=&#8221;70px&#8221;][vc_custom_heading text=&#8221;Preus administrar comunitat de veïns&#8221; font_container=&#8221;tag:h2|text_align:center|color:%23ffffff&#8221; use_theme_fonts=&#8221;yes&#8221;][vc_column_text]</p>
<p style="text-align: center; font-size: 16px; color: #fff;">Quines són les habituals tarifes dels serveis per a comunitats de veïns? Som Gestió ofereix cobrir les necessitats que tinguis perquè la teva comunitat no pagui de més.</p>
<p style="text-align: center; font-size: 16px; color: #fff;">Preus econòmics per un servei especialitzat, amb experiència i professionals qualificats. Ja sigui per ocupar-nos de tot allò que confereix a l&#8217;administració i gestió o només per a un servei en concret: per instal·lar un sistema d&#8217;alarmes, canviar de companyia elèctrica per estalviar en llum o per obtenir assessorament a la redacció de contractes oa qualsevol altre que requereixi especialistes en matèria jurídica per a comunitats de veïns.</p>
<p style="text-align: center; font-size: 16px; color: #fff;">Et realitzem un estudi de les teves despeses sense cap mena de compromís, per així poder valorar la seva quota és la correcta.&lt;/ p&gt;</p>
<p style="text-align: center; font-size: 16px; color: #fff;">Demana pressupost, sense compromís. Contacta ara amb Som Gestió.</p>
<p>[/vc_column_text][vc_empty_space height=&#8221;20px&#8221;][vc_btn title=&#8221;CONTACTA ARA&#8221; style=&#8221;custom&#8221; custom_background=&#8221;#025692&#8243; custom_text=&#8221;#ffffff&#8221; shape=&#8221;square&#8221; size=&#8221;lg&#8221; align=&#8221;center&#8221; button_block=&#8221;true&#8221; link=&#8221;url:%2Fcontacte%2F&#8221;][vc_empty_space height=&#8221;70px&#8221;][/vc_column][/vc_row]</p>

<p>[vc_row][vc_column][vc_column_text] Som Gestió ofereix una àmplia varietat de serveis per a comunitats de veïns. Vetllam pel bon règim de la comunitat i totes les seves instal·lacions, així com la gestió correcta de les despeses. [/vc_column_text][/vc_column][/vc_row][vc_row][vc_column][vc_empty_space][vc_row_inner][vc_column_inner width=&#8221;1/2&#8243;][vc_custom_heading text=&#8221;Els nostres serveis&#8221; font_container=&#8221;tag:h2|text_align:center&#8221; use_theme_fonts=&#8221;yes&#8221;][/vc_column_inner][vc_column_inner width=&#8221;1/2&#8243;][vc_custom_heading text=&#8221;On?&#8221; font_container=&#8221;tag:h2|text_align:center&#8221; use_theme_fonts=&#8221;yes&#8221;][/vc_column_inner][/vc_row_inner][vc_empty_space height=&#8221;12px&#8221;][vc_row_inner equal_height=&#8221;yes&#8221; gap=&#8221;25&#8243;][vc_column_inner width=&#8221;1/2&#8243;][vc_column_text]La nostra tasca no és purament administrativa.</p>
