{"id":15,"date":"2021-02-18T11:16:12","date_gmt":"2021-02-18T10:16:12","guid":{"rendered":"https:\/\/somgestio.es\/?page_id=15"},"modified":"2022-05-20T14:25:23","modified_gmt":"2022-05-20T12:25:23","slug":"administrador-comunitat-veins","status":"publish","type":"page","link":"https:\/\/somgestio.es\/ca\/administrador-comunitat-veins\/","title":{"rendered":"Administrador de comunitat de propietaris"},"content":{"rendered":"<p>[vc_row][vc_column][vc_column_text]<\/p>\n<p style=\"text-align: center;\">La responsabilitat que comporta pot esdevenir molta. Els coneixements necessaris, tamb\u00e9. Pensant a rec\u00f3rrer a administradors d&#8217;una comunitat de propietaris? Professionals que puguin ocupar-se de tots els aspectes relacionats amb la gesti\u00f3? Compte amb nosaltres.<\/p>\n<p>[\/vc_column_text][vc_empty_space][\/vc_column][\/vc_row][vc_row full_width=&#8221;stretch_row&#8221; css=&#8221;.vc_custom_1613674712147{background-color: #f7f7f7 !important;}&#8221;][vc_column][vc_empty_space][vc_custom_heading text=&#8221;Gesti\u00f3 de finques i comunitats de ve\u00efns&#8221; font_container=&#8221;tag:h2|text_align:center&#8221; use_theme_fonts=&#8221;yes&#8221;][vc_empty_space height=&#8221;12px&#8221;][vc_column_text]<\/p>\n<p style=\"text-align: justify;\">Les tasques i ocupacions d&#8217;un administrador de comunitats o finques depenen de les necessitats pr\u00f2pies dels propietaris, per\u00f2 poden arribar a ser molt \u00e0mplies. Gr\u00e0cies als serveis per a la gesti\u00f3 de comunitats de propietaris de la nostra empresa, pots deixar totes aquestes tasques a les nostres mans. Ens fem c\u00e0rrec de tot.<\/p>\n<p>[\/vc_column_text][vc_row_inner][vc_column_inner width=&#8221;1\/3&#8243;][vc_custom_heading text=&#8221;Economia i finances&#8221; font_container=&#8221;tag:h3|text_align:center&#8221; use_theme_fonts=&#8221;yes&#8221;][vc_column_text]<\/p>\n<p style=\"text-align: justify;\">Facturaci\u00f3, cust\u00f2dia de fons, pressupostos, control de despeses i de la comptabilitat, execuci\u00f3 d&#8217;acords que hagin estat formalitzats a trav\u00e9s de la Junta de Propietaris\u2026 En definitiva, tot all\u00f2 necessari a nivell administratiu, per\u00f2 tamb\u00e9 la millor manera d&#8217;optimitzar tots els nostres recursos.<\/p>\n<p>[\/vc_column_text][\/vc_column_inner][vc_column_inner width=&#8221;1\/3&#8243;][vc_custom_heading text=&#8221;Avaries&#8221; font_container=&#8221;tag:h3|text_align:center&#8221; use_theme_fonts=&#8221;yes&#8221;][vc_column_text]<\/p>\n<p style=\"text-align: justify;\">Amb la disponibilitat de Som Gestio, sempre i en tot moment, qualsevol imprevist est\u00e0 cobert. Un servei de manteniment i reparacions per a avaries en comunitats de ve\u00efns que assegura que tota incid\u00e8ncia ser\u00e0 coberta de manera \u00e0gil i efica\u00e7, fins i tot les m\u00e9s urgents.<\/p>\n<p>[\/vc_column_text][\/vc_column_inner][vc_column_inner width=&#8221;1\/3&#8243;][vc_custom_heading text=&#8221;Servei jur\u00eddic&#8221; font_container=&#8221;tag:h3|text_align:center&#8221; use_theme_fonts=&#8221;yes&#8221;][vc_column_text]<\/p>\n<p style=\"text-align: justify;\">Qui hagi gestionat alguna vegada una comunitat de ve\u00efns o hagi estat president, sap que \u00e9s necessari comptar amb un servei especialitzat en mat\u00e8ria legal. Assessorament en propietat horitzontal, redacci\u00f3 de contractes civils, mercantils i d&#8217;obra, reclamacions de cobraments i defensa legal davant de situacions que vulnerin els drets de la comunitat de ve\u00efns o propietaris.<\/p>\n<p>[\/vc_column_text][\/vc_column_inner][\/vc_row_inner][vc_empty_space height=&#8221;50px&#8221;][vc_row_inner gap=&#8221;20&#8243;][vc_column_inner width=&#8221;1\/3&#8243;][vc_custom_heading text=&#8221;Assegurances&#8221; font_container=&#8221;tag:h3|text_align:center&#8221; use_theme_fonts=&#8221;yes&#8221;][vc_column_text]<\/p>\n<p style=\"text-align: justify;\">Ens ocupem de contractar la millor companyia i l&#8217;asseguran\u00e7a necess\u00e0ria per a la finca o comunitat, aix\u00ed com totes les gestions necess\u00e0ries durant el servei de manteniment posterior. Incl\u00f2s dins del servei integral, per\u00f2 tamb\u00e9 podeu optar per nosaltres per canviar l&#8217;asseguran\u00e7a d&#8217;una finca o de la vostra comunitat de propietaris.<\/p>\n<p>[\/vc_column_text][\/vc_column_inner][vc_column_inner width=&#8221;1\/3&#8243;][vc_custom_heading text=&#8221;Sistemes de seguretat&#8221; font_container=&#8221;tag:h3|text_align:center&#8221; use_theme_fonts=&#8221;yes&#8221;][vc_column_text]<\/p>\n<p style=\"text-align: justify;\">Som Gesti\u00f3 exerceix d&#8217;agent homologat de Securitas Direct, podent instal\u00b7lar una alarma, oferir suport t\u00e8cnic continu, fer-nos c\u00e0rrec de reparacions i de les incid\u00e8ncies relacionades amb el sistema d&#8217;alarmes i detecci\u00f3 d&#8217;intrusos.<\/p>\n<p>[\/vc_column_text][\/vc_column_inner][vc_column_inner width=&#8221;1\/3&#8243; css=&#8221;.vc_custom_1613674550476{padding-right: 20px !important;padding-left: 20px !important;background-color: #6c98e1 !important;}&#8221;][vc_custom_heading text=&#8221;Altres subministraments&#8221; font_container=&#8221;tag:h3|text_align:center&#8221; use_theme_fonts=&#8221;yes&#8221;][vc_column_text]<\/p>\n<p style=\"text-align: justify; color: #fff;\">Si vols reduir el consum de llum i gas, podem realitzar-te una simulaci\u00f3 sense comprom\u00eds del cost actual del teu subministrament amb Aldro Energia i Soluciones i si trobem aquest estalvi et gestionem el canvi de companyia. Aldro Energ\u00eda y Soluciones ofereix diferents ofertes per obtenir tarifes m\u00e9s econ\u00f2miques i el m\u00e0xim estalvi a les factures d&#8217;electricitat i gas.<\/p>\n<p>[\/vc_column_text][vc_empty_space height=&#8221;20px&#8221;][\/vc_column_inner][\/vc_row_inner][vc_empty_space height=&#8221;50px&#8221;][\/vc_column][\/vc_row][vc_row][vc_column][vc_empty_space height=&#8221;50px&#8221;][vc_custom_heading text=&#8221;On oferim els nostres serveis?&#8221; font_container=&#8221;tag:h2|text_align:center&#8221; use_theme_fonts=&#8221;yes&#8221;][vc_column_text]<\/p>\n<p style=\"text-align: justify;\">Disposem de professionals especialitzats en les \u00e0rees anteriorment esmentades i amb l&#8217;experi\u00e8ncia d&#8217;haver administrat ja finques de diferent \u00edndole als municipis i localitats d&#8217;Olesa de Montserrat, on hi ha la nostra seu, Terrassa, Martorell, Collbat\u00f3, Esparreguera, Abrera, Sant Andreu de la Barca, Gelida, Viladecaballs, Castellbisbal, Bruc i Monistrol de Montserrat.<\/p>\n<p>[\/vc_column_text][vc_empty_space height=&#8221;10px&#8221;][vc_column_text]<iframe loading=\"lazy\" src=\"https:\/\/www.google.com\/maps\/d\/embed?mid=1LCy1FvqecRJVL1uwDdD7ataoCHaETfiv&amp;hl=es&amp;z=9\" width=\"100%\" height=\"350px\"><span style=\"display: inline-block; width: 0px; overflow: hidden; line-height: 0;\" data-mce-type=\"bookmark\" class=\"mce_SELRES_start\" frameborder=\"0\" style=\"border: 0;\" allowfullscreen=\"allowfullscreen\" aria-hidden=\"false\" tabindex=\"0\">\ufeff<\/span><\/iframe>[\/vc_column_text][vc_empty_space height=&#8221;50px&#8221;][\/vc_column][\/vc_row][vc_row full_width=&#8221;stretch_row&#8221; css=&#8221;.vc_custom_1613675023548{margin-bottom: -70px !important;background-image: url(https:\/\/somgestio.es\/wp-content\/uploads\/2021\/02\/administracion_comunidad_propietarios.jpg?id=172) !important;background-position: center !important;background-repeat: no-repeat !important;background-size: cover !important;}&#8221;][vc_column][vc_empty_space height=&#8221;70px&#8221;][vc_custom_heading text=&#8221;Tarifa d&#8217;un administrador de finques&#8221; font_container=&#8221;tag:h2|text_align:center|color:%23ffffff&#8221; use_theme_fonts=&#8221;yes&#8221;][vc_column_text]<\/p>\n<p>Oferim un servei personalitzat, enfocat a les pr\u00f2pies exig\u00e8ncies dels nostres clients. Per aix\u00f2, si necessites saber quin \u00e9s el preu exacte per administrar la teva comunitat o finca, explica&#8217;ns perqu\u00e8 has pensat en nosaltres i quines s\u00f3n les teves necessitats. Des de Som Gestio us oferirem informaci\u00f3 detallada i un pressupost per cobrir els serveis que requereixes.<\/p>\n<p style=\"text-align: center; font-size: 16px; color: #fff;\">Contacta ara i t&#8217;informem.<\/p>\n<p>[\/vc_column_text][vc_empty_space height=&#8221;20px&#8221;][vc_btn title=&#8221;CONTACTA ARA&#8221; style=&#8221;custom&#8221; custom_background=&#8221;#025692&#8243; custom_text=&#8221;#ffffff&#8221; shape=&#8221;square&#8221; size=&#8221;lg&#8221; align=&#8221;center&#8221; button_block=&#8221;true&#8221; link=&#8221;url:%2Fca%2Fcontacte%2F&#8221;][vc_empty_space height=&#8221;70px&#8221;][\/vc_column][\/vc_row]<\/p>\n","protected":false},"excerpt":{"rendered":"<p>[vc_row][vc_column][vc_column_text] La responsabilitat que comporta pot esdevenir molta. Els coneixements necessaris, tamb\u00e9. Pensant a rec\u00f3rrer a administradors d&#8217;una comunitat de propietaris? Professionals que puguin ocupar-se de tots els aspectes relacionats amb la gesti\u00f3? Compte amb nosaltres. [\/vc_column_text][vc_empty_space][\/vc_column][\/vc_row][vc_row full_width=&#8221;stretch_row&#8221; css=&#8221;.vc_custom_1613674712147{background-color: #f7f7f7 !important;}&#8221;][vc_column][vc_empty_space][vc_custom_heading text=&#8221;Gesti\u00f3 de finques i comunitats de ve\u00efns&#8221; font_container=&#8221;tag:h2|text_align:center&#8221; use_theme_fonts=&#8221;yes&#8221;][vc_empty_space height=&#8221;12px&#8221;][vc_column_text] Les tasques i ocupacions<\/p>\n","protected":false},"author":1,"featured_media":0,"parent":0,"menu_order":0,"comment_status":"closed","ping_status":"closed","template":"","meta":[],"aioseo_notices":[],"_links":{"self":[{"href":"https:\/\/somgestio.es\/ca\/wp-json\/wp\/v2\/pages\/15"}],"collection":[{"href":"https:\/\/somgestio.es\/ca\/wp-json\/wp\/v2\/pages"}],"about":[{"href":"https:\/\/somgestio.es\/ca\/wp-json\/wp\/v2\/types\/page"}],"author":[{"embeddable":true,"href":"https:\/\/somgestio.es\/ca\/wp-json\/wp\/v2\/users\/1"}],"replies":[{"embeddable":true,"href":"https:\/\/somgestio.es\/ca\/wp-json\/wp\/v2\/comments?post=15"}],"version-history":[{"count":14,"href":"https:\/\/somgestio.es\/ca\/wp-json\/wp\/v2\/pages\/15\/revisions"}],"predecessor-version":[{"id":491,"href":"https:\/\/somgestio.es\/ca\/wp-json\/wp\/v2\/pages\/15\/revisions\/491"}],"wp:attachment":[{"href":"https:\/\/somgestio.es\/ca\/wp-json\/wp\/v2\/media?parent=15"}],"curies":[{"name":"wp","href":"https:\/\/api.w.org\/{rel}","templated":true}]}}

<p>[vc_row][vc_column][vc_column_text]</p>
<p style="text-align: center;">La responsabilitat que comporta pot esdevenir molta. Els coneixements necessaris, també. Pensant a recórrer a administradors d&#8217;una comunitat de propietaris? Professionals que puguin ocupar-se de tots els aspectes relacionats amb la gestió? Compte amb nosaltres.</p>
<p>[/vc_column_text][vc_empty_space][/vc_column][/vc_row][vc_row full_width=&#8221;stretch_row&#8221; css=&#8221;.vc_custom_1613674712147{background-color: #f7f7f7 !important;}&#8221;][vc_column][vc_empty_space][vc_custom_heading text=&#8221;Gestió de finques i comunitats de veïns&#8221; font_container=&#8221;tag:h2|text_align:center&#8221; use_theme_fonts=&#8221;yes&#8221;][vc_empty_space height=&#8221;12px&#8221;][vc_column_text]</p>
<p style="text-align: justify;">Les tasques i ocupacions d&#8217;un administrador de comunitats o finques depenen de les necessitats pròpies dels propietaris, però poden arribar a ser molt àmplies. Gràcies als serveis per a la gestió de comunitats de propietaris de la nostra empresa, pots deixar totes aquestes tasques a les nostres mans. Ens fem càrrec de tot.</p>
<p>[/vc_column_text][vc_row_inner][vc_column_inner width=&#8221;1/3&#8243;][vc_custom_heading text=&#8221;Economia i finances&#8221; font_container=&#8221;tag:h3|text_align:center&#8221; use_theme_fonts=&#8221;yes&#8221;][vc_column_text]</p>
<p style="text-align: justify;">Facturació, custòdia de fons, pressupostos, control de despeses i de la comptabilitat, execució d&#8217;acords que hagin estat formalitzats a través de la Junta de Propietaris… En definitiva, tot allò necessari a nivell administratiu, però també la millor manera d&#8217;optimitzar tots els nostres recursos.</p>
<p>[/vc_column_text][/vc_column_inner][vc_column_inner width=&#8221;1/3&#8243;][vc_custom_heading text=&#8221;Avaries&#8221; font_container=&#8221;tag:h3|text_align:center&#8221; use_theme_fonts=&#8221;yes&#8221;][vc_column_text]</p>
<p style="text-align: justify;">Amb la disponibilitat de Som Gestio, sempre i en tot moment, qualsevol imprevist està cobert. Un servei de manteniment i reparacions per a avaries en comunitats de veïns que assegura que tota incidència serà coberta de manera àgil i eficaç, fins i tot les més urgents.</p>
<p>[/vc_column_text][/vc_column_inner][vc_column_inner width=&#8221;1/3&#8243;][vc_custom_heading text=&#8221;Servei jurídic&#8221; font_container=&#8221;tag:h3|text_align:center&#8221; use_theme_fonts=&#8221;yes&#8221;][vc_column_text]</p>
<p style="text-align: justify;">Qui hagi gestionat alguna vegada una comunitat de veïns o hagi estat president, sap que és necessari comptar amb un servei especialitzat en matèria legal. Assessorament en propietat horitzontal, redacció de contractes civils, mercantils i d&#8217;obra, reclamacions de cobraments i defensa legal davant de situacions que vulnerin els drets de la comunitat de veïns o propietaris.</p>
<p>[/vc_column_text][/vc_column_inner][/vc_row_inner][vc_empty_space height=&#8221;50px&#8221;][vc_row_inner gap=&#8221;20&#8243;][vc_column_inner width=&#8221;1/3&#8243;][vc_custom_heading text=&#8221;Assegurances&#8221; font_container=&#8221;tag:h3|text_align:center&#8221; use_theme_fonts=&#8221;yes&#8221;][vc_column_text]</p>
<p style="text-align: justify;">Ens ocupem de contractar la millor companyia i l&#8217;assegurança necessària per a la finca o comunitat, així com totes les gestions necessàries durant el servei de manteniment posterior. Inclòs dins del servei integral, però també podeu optar per nosaltres per canviar l&#8217;assegurança d&#8217;una finca o de la vostra comunitat de propietaris.</p>
<p>[/vc_column_text][/vc_column_inner][vc_column_inner width=&#8221;1/3&#8243;][vc_custom_heading text=&#8221;Sistemes de seguretat&#8221; font_container=&#8221;tag:h3|text_align:center&#8221; use_theme_fonts=&#8221;yes&#8221;][vc_column_text]</p>
<p style="text-align: justify;">Som Gestió exerceix d&#8217;agent homologat de Securitas Direct, podent instal·lar una alarma, oferir suport tècnic continu, fer-nos càrrec de reparacions i de les incidències relacionades amb el sistema d&#8217;alarmes i detecció d&#8217;intrusos.</p>
<p>[/vc_column_text][/vc_column_inner][vc_column_inner width=&#8221;1/3&#8243; css=&#8221;.vc_custom_1613674550476{padding-right: 20px !important;padding-left: 20px !important;background-color: #6c98e1 !important;}&#8221;][vc_custom_heading text=&#8221;Altres subministraments&#8221; font_container=&#8221;tag:h3|text_align:center&#8221; use_theme_fonts=&#8221;yes&#8221;][vc_column_text]</p>
<p style="text-align: justify; color: #fff;">Si vols reduir el consum de llum i gas, podem realitzar-te una simulació sense compromís del cost actual del teu subministrament amb Aldro Energia i Soluciones i si trobem aquest estalvi et gestionem el canvi de companyia. Aldro Energía y Soluciones ofereix diferents ofertes per obtenir tarifes més econòmiques i el màxim estalvi a les factures d&#8217;electricitat i gas.</p>
<p>[/vc_column_text][vc_empty_space height=&#8221;20px&#8221;][/vc_column_inner][/vc_row_inner][vc_empty_space height=&#8221;50px&#8221;][/vc_column][/vc_row][vc_row][vc_column][vc_empty_space height=&#8221;50px&#8221;][vc_custom_heading text=&#8221;On oferim els nostres serveis?&#8221; font_container=&#8221;tag:h2|text_align:center&#8221; use_theme_fonts=&#8221;yes&#8221;][vc_column_text]</p>
<p style="text-align: justify;">Disposem de professionals especialitzats en les àrees anteriorment esmentades i amb l&#8217;experiència d&#8217;haver administrat ja finques de diferent índole als municipis i localitats d&#8217;Olesa de Montserrat, on hi ha la nostra seu, Terrassa, Martorell, Collbató, Esparreguera, Abrera, Sant Andreu de la Barca, Gelida, Viladecaballs, Castellbisbal, Bruc i Monistrol de Montserrat.</p>
<p>[/vc_column_text][vc_empty_space height=&#8221;10px&#8221;][vc_column_text]<iframe loading="lazy" src="https://www.google.com/maps/d/embed?mid=1LCy1FvqecRJVL1uwDdD7ataoCHaETfiv&amp;hl=es&amp;z=9" width="100%" height="350px"><span style="display: inline-block; width: 0px; overflow: hidden; line-height: 0;" data-mce-type="bookmark" class="mce_SELRES_start" frameborder="0" style="border: 0;" allowfullscreen="allowfullscreen" aria-hidden="false" tabindex="0">﻿</span></iframe>[/vc_column_text][vc_empty_space height=&#8221;50px&#8221;][/vc_column][/vc_row][vc_row full_width=&#8221;stretch_row&#8221; css=&#8221;.vc_custom_1613675023548{margin-bottom: -70px !important;background-image: url(https://somgestio.es/wp-content/uploads/2021/02/administracion_comunidad_propietarios.jpg?id=172) !important;background-position: center !important;background-repeat: no-repeat !important;background-size: cover !important;}&#8221;][vc_column][vc_empty_space height=&#8221;70px&#8221;][vc_custom_heading text=&#8221;Tarifa d&#8217;un administrador de finques&#8221; font_container=&#8221;tag:h2|text_align:center|color:%23ffffff&#8221; use_theme_fonts=&#8221;yes&#8221;][vc_column_text]</p>
<p>Oferim un servei personalitzat, enfocat a les pròpies exigències dels nostres clients. Per això, si necessites saber quin és el preu exacte per administrar la teva comunitat o finca, explica&#8217;ns perquè has pensat en nosaltres i quines són les teves necessitats. Des de Som Gestio us oferirem informació detallada i un pressupost per cobrir els serveis que requereixes.</p>
<p style="text-align: center; font-size: 16px; color: #fff;">Contacta ara i t&#8217;informem.</p>
<p>[/vc_column_text][vc_empty_space height=&#8221;20px&#8221;][vc_btn title=&#8221;CONTACTA ARA&#8221; style=&#8221;custom&#8221; custom_background=&#8221;#025692&#8243; custom_text=&#8221;#ffffff&#8221; shape=&#8221;square&#8221; size=&#8221;lg&#8221; align=&#8221;center&#8221; button_block=&#8221;true&#8221; link=&#8221;url:%2Fca%2Fcontacte%2F&#8221;][vc_empty_space height=&#8221;70px&#8221;][/vc_column][/vc_row]</p>

<p>[vc_row][vc_column][vc_column_text] La responsabilitat que comporta pot esdevenir molta. Els coneixements necessaris, també. Pensant a recórrer a administradors d&#8217;una comunitat de propietaris? Professionals que puguin ocupar-se de tots els aspectes relacionats amb la gestió? Compte amb nosaltres. [/vc_column_text][vc_empty_space][/vc_column][/vc_row][vc_row full_width=&#8221;stretch_row&#8221; css=&#8221;.vc_custom_1613674712147{background-color: #f7f7f7 !important;}&#8221;][vc_column][vc_empty_space][vc_custom_heading text=&#8221;Gestió de finques i comunitats de veïns&#8221; font_container=&#8221;tag:h2|text_align:center&#8221; use_theme_fonts=&#8221;yes&#8221;][vc_empty_space height=&#8221;12px&#8221;][vc_column_text] Les tasques i ocupacions</p>
