{"id":228,"date":"2021-02-19T14:27:29","date_gmt":"2021-02-19T13:27:29","guid":{"rendered":"https:\/\/somgestio.es\/?page_id=228"},"modified":"2022-05-20T14:26:03","modified_gmt":"2022-05-20T12:26:03","slug":"gestors-patrimonials","status":"publish","type":"page","link":"https:\/\/somgestio.es\/ca\/gestors-patrimonials\/","title":{"rendered":"Gesti\u00f3 de patrimonis"},"content":{"rendered":"<p>[vc_row][vc_column][vc_column_text]<\/p>\n<p style=\"text-align: center;\">Oferim un servei de gesti\u00f3 patrimonial des de la responsabilitat social, el comprom\u00eds amb cada client i la qualificaci\u00f3 en mat\u00e8ria financera. Som Gesti\u00f3 \u00e9s el que necessites per obtenir la m\u00e0xima rendibilitat en les inversions, el m\u00e9s gran estalvi en les despeses i la gesti\u00f3 de lloguers m\u00e9s eficient.<\/p>\n<p>[\/vc_column_text][vc_empty_space height=&#8221;20px&#8221;][\/vc_column][\/vc_row][vc_row][vc_column][vc_custom_heading text=&#8221;Gesti\u00f3 d&#8217;arrendaments\u2026 i molt m\u00e9s&#8221; use_theme_fonts=&#8221;yes&#8221;][vc_empty_space height=&#8221;12px&#8221;][vc_column_text]<\/p>\n<p style=\"text-align: justify;\">Per a cada situaci\u00f3, ens encarreguem de fer una exhaustiva an\u00e0lisi del patrimoni immoble, oferint la millor soluci\u00f3 a cada client.<\/p>\n<p>[\/vc_column_text][vc_row_inner gap=&#8221;25&#8243;][vc_column_inner width=&#8221;1\/2&#8243;][vc_custom_heading text=&#8221;Gesti\u00f3 del patrimoni immobiliari&#8221; font_container=&#8221;tag:h3|text_align:left&#8221; use_theme_fonts=&#8221;yes&#8221;][vc_column_text]<\/p>\n<p style=\"text-align: justify;\">Quan disposem de diversos pisos, cases, edificis amb diferents comunitats de ve\u00efns, locals comercials, naus industrials o fins i tot terrenys, la gesti\u00f3 de tot aquest patrimoni es complica. A nivell de coneixements financers, per\u00f2 tamb\u00e9 a nivell de disponibilitat, ja que cal dedicar-hi molt de temps.<br \/>\nSom Gesti\u00f3 es pot encarregar de tota la gesti\u00f3 del patrimoni immobiliari, ja que a m\u00e9s de l&#8217;economia disposem de t\u00e8cnics qualificats per a les reparacions, assessors jur\u00eddics per a b\u00e9ns immobles i una \u00e0mplia xarxa de col\u00b7laboradors per garantir els sistemes de seguretat als habitatges, subministrament el\u00e8ctric que garanteixi un estalvi m\u00e9s gran o les pr\u00f2pies assegurances de la llar. Un servei global per a la gesti\u00f3 del patrimoni immobiliari.<\/p>\n<p>[\/vc_column_text][\/vc_column_inner][vc_column_inner width=&#8221;1\/2&#8243;][vc_single_image image=&#8221;231&#8243; img_size=&#8221;full&#8221; alignment=&#8221;center&#8221; style=&#8221;vc_box_shadow_3d&#8221;][\/vc_column_inner][\/vc_row_inner][vc_empty_space][vc_row_inner gap=&#8221;30&#8243;][vc_column_inner width=&#8221;1\/3&#8243;][vc_custom_heading text=&#8221;Gesti\u00f3 d&#8217;actius financers i inversions immobili\u00e0ries&#8221; font_container=&#8221;tag:h3|text_align:left&#8221; use_theme_fonts=&#8221;yes&#8221;][vc_column_text]<\/p>\n<p style=\"text-align: justify;\">Voleu invertir en b\u00e9ns immobles, per\u00f2 creieu que necessiteu l&#8217;ajuda d&#8217;especialistes per definir la vostra estrat\u00e8gia d&#8217;inversi\u00f3? Val la pena una hipoteca a renda fixa oa renda variable? Quin \u00e9s el valor real d\u201fun habitatge? Som Gestio et pot ajudar a respondre totes aquestes preguntes, oferint-te tots els mecanismes per maximitzar la rendibilitat en el lloguer d&#8217;un habitatge o de diversos immobles.<\/p>\n<p>[\/vc_column_text][\/vc_column_inner][vc_column_inner width=&#8221;1\/3&#8243;][vc_custom_heading text=&#8221;Gestionar lloguers&#8221; font_container=&#8221;tag:h3|text_align:left&#8221; use_theme_fonts=&#8221;yes&#8221;][vc_column_text]<\/p>\n<p style=\"text-align: justify;\">Una de les activitats fonamentals en la gesti\u00f3 de patrimonis d&#8217;actius immobles \u00e9s la gesti\u00f3 de lloguers. Ens ocupem de tot: assessorament per a taxacions de lloguer, cobraments, pagaments a prove\u00efdors, avaries als habitatges o locals llogats, contractes de lloguer i, si cal, disposem de serveis jur\u00eddics per a reclamacions extrajudicials o judicials.<br \/>\nQue un sol propietari o propiet\u00e0ria de diversos immobles faci tota aquesta feina, pot arribar a resultar una tasca gaireb\u00e9 impossible. Amb Som Gestio tindr\u00e0s la tranquil\u00b7litat que tota la gesti\u00f3 est\u00e0 controlada per aut\u00e8ntics professionals especialitzats. Fins i tot en casos d&#8217;impagaments, sempre hi haur\u00e0 solucions.<\/p>\n<p>[\/vc_column_text][\/vc_column_inner][vc_column_inner width=&#8221;1\/3&#8243;][vc_custom_heading text=&#8221;Assessorament financer&#8221; font_container=&#8221;tag:h3|text_align:left&#8221; use_theme_fonts=&#8221;yes&#8221;][vc_column_text]<\/p>\n<p style=\"text-align: justify;\">De la mateixa manera, podeu rec\u00f3rrer a nosaltres per obtenir informaci\u00f3 financera sobre fons d&#8217;inversi\u00f3 i altres actius financers que llancen al mercat les diferents entitats de banca privada. Molts daquests productes financers poden ser una via per maximitzar la rendibilitat generada pel nostre patrimoni.<br \/>\nMoltes tenen el seu risc, per aix\u00f2 comptar amb l&#8217;assessorament d&#8217;especialistes ens ajudar\u00e0 a minimitzar aquest risc que sempre comporta, en menor o major mesura, la inversi\u00f3 en aquests productes i obtenir aix\u00ed el m\u00e0xim benefici econ\u00f2mic per als nostres clients. Assegura&#8217;t la millor gesti\u00f3 del patrimoni de qu\u00e8 disposes actualment i garanteix el teu futur i el dels teus.<\/p>\n<p>[\/vc_column_text][\/vc_column_inner][\/vc_row_inner][vc_empty_space height=&#8221;50px&#8221;][\/vc_column][\/vc_row][vc_row full_width=&#8221;stretch_row&#8221; css=&#8221;.vc_custom_1613675632054{margin-bottom: -70px !important;background-color: #6c98e1 !important;background-position: center !important;background-repeat: no-repeat !important;background-size: cover !important;}&#8221;][vc_column][vc_empty_space height=&#8221;70px&#8221;][vc_custom_heading text=&#8221;Altres incid\u00e8ncies de les que ens ocupem&#8221; font_container=&#8221;tag:h2|text_align:center|color:%23ffffff&#8221; use_theme_fonts=&#8221;yes&#8221;][vc_column_text]<span style=\"color: #ffffff;\">En el cas que necessitis serveis de gesti\u00f3 de l&#8217;arrendament a Olesa de Montserrat i rodalies, no dubtis a contactar-nos, encara que nom\u00e9s sigui a efectes informatius. Contacta amb Som Gestio i t&#8217;informem.<\/span>[\/vc_column_text][vc_empty_space height=&#8221;20px&#8221;][vc_btn title=&#8221;CONTACTA ARA&#8221; style=&#8221;custom&#8221; custom_background=&#8221;#025692&#8243; custom_text=&#8221;#ffffff&#8221; shape=&#8221;square&#8221; size=&#8221;lg&#8221; align=&#8221;center&#8221; button_block=&#8221;true&#8221; link=&#8221;url:%2Fca%2Fcontacte%2F&#8221;][vc_empty_space height=&#8221;70px&#8221;][\/vc_column][\/vc_row]<\/p>\n","protected":false},"excerpt":{"rendered":"<p>[vc_row][vc_column][vc_column_text] Oferim un servei de gesti\u00f3 patrimonial des de la responsabilitat social, el comprom\u00eds amb cada client i la qualificaci\u00f3 en mat\u00e8ria financera. Som Gesti\u00f3 \u00e9s el que necessites per obtenir la m\u00e0xima rendibilitat en les inversions, el m\u00e9s gran estalvi en les despeses i la gesti\u00f3 de lloguers m\u00e9s eficient. [\/vc_column_text][vc_empty_space height=&#8221;20px&#8221;][\/vc_column][\/vc_row][vc_row][vc_column][vc_custom_heading text=&#8221;Gesti\u00f3 d&#8217;arrendaments\u2026<\/p>\n","protected":false},"author":1,"featured_media":0,"parent":0,"menu_order":0,"comment_status":"closed","ping_status":"closed","template":"","meta":[],"aioseo_notices":[],"_links":{"self":[{"href":"https:\/\/somgestio.es\/ca\/wp-json\/wp\/v2\/pages\/228"}],"collection":[{"href":"https:\/\/somgestio.es\/ca\/wp-json\/wp\/v2\/pages"}],"about":[{"href":"https:\/\/somgestio.es\/ca\/wp-json\/wp\/v2\/types\/page"}],"author":[{"embeddable":true,"href":"https:\/\/somgestio.es\/ca\/wp-json\/wp\/v2\/users\/1"}],"replies":[{"embeddable":true,"href":"https:\/\/somgestio.es\/ca\/wp-json\/wp\/v2\/comments?post=228"}],"version-history":[{"count":7,"href":"https:\/\/somgestio.es\/ca\/wp-json\/wp\/v2\/pages\/228\/revisions"}],"predecessor-version":[{"id":494,"href":"https:\/\/somgestio.es\/ca\/wp-json\/wp\/v2\/pages\/228\/revisions\/494"}],"wp:attachment":[{"href":"https:\/\/somgestio.es\/ca\/wp-json\/wp\/v2\/media?parent=228"}],"curies":[{"name":"wp","href":"https:\/\/api.w.org\/{rel}","templated":true}]}}

Gestió de patrimonis

<p>[vc_row][vc_column][vc_column_text]</p>
<p style="text-align: center;">Oferim un servei de gestió patrimonial des de la responsabilitat social, el compromís amb cada client i la qualificació en matèria financera. Som Gestió és el que necessites per obtenir la màxima rendibilitat en les inversions, el més gran estalvi en les despeses i la gestió de lloguers més eficient.</p>
<p>[/vc_column_text][vc_empty_space height=&#8221;20px&#8221;][/vc_column][/vc_row][vc_row][vc_column][vc_custom_heading text=&#8221;Gestió d&#8217;arrendaments… i molt més&#8221; use_theme_fonts=&#8221;yes&#8221;][vc_empty_space height=&#8221;12px&#8221;][vc_column_text]</p>
<p style="text-align: justify;">Per a cada situació, ens encarreguem de fer una exhaustiva anàlisi del patrimoni immoble, oferint la millor solució a cada client.</p>
<p>[/vc_column_text][vc_row_inner gap=&#8221;25&#8243;][vc_column_inner width=&#8221;1/2&#8243;][vc_custom_heading text=&#8221;Gestió del patrimoni immobiliari&#8221; font_container=&#8221;tag:h3|text_align:left&#8221; use_theme_fonts=&#8221;yes&#8221;][vc_column_text]</p>
<p style="text-align: justify;">Quan disposem de diversos pisos, cases, edificis amb diferents comunitats de veïns, locals comercials, naus industrials o fins i tot terrenys, la gestió de tot aquest patrimoni es complica. A nivell de coneixements financers, però també a nivell de disponibilitat, ja que cal dedicar-hi molt de temps.<br />
Som Gestió es pot encarregar de tota la gestió del patrimoni immobiliari, ja que a més de l&#8217;economia disposem de tècnics qualificats per a les reparacions, assessors jurídics per a béns immobles i una àmplia xarxa de col·laboradors per garantir els sistemes de seguretat als habitatges, subministrament elèctric que garanteixi un estalvi més gran o les pròpies assegurances de la llar. Un servei global per a la gestió del patrimoni immobiliari.</p>
<p>[/vc_column_text][/vc_column_inner][vc_column_inner width=&#8221;1/2&#8243;][vc_single_image image=&#8221;231&#8243; img_size=&#8221;full&#8221; alignment=&#8221;center&#8221; style=&#8221;vc_box_shadow_3d&#8221;][/vc_column_inner][/vc_row_inner][vc_empty_space][vc_row_inner gap=&#8221;30&#8243;][vc_column_inner width=&#8221;1/3&#8243;][vc_custom_heading text=&#8221;Gestió d&#8217;actius financers i inversions immobiliàries&#8221; font_container=&#8221;tag:h3|text_align:left&#8221; use_theme_fonts=&#8221;yes&#8221;][vc_column_text]</p>
<p style="text-align: justify;">Voleu invertir en béns immobles, però creieu que necessiteu l&#8217;ajuda d&#8217;especialistes per definir la vostra estratègia d&#8217;inversió? Val la pena una hipoteca a renda fixa oa renda variable? Quin és el valor real d‟un habitatge? Som Gestio et pot ajudar a respondre totes aquestes preguntes, oferint-te tots els mecanismes per maximitzar la rendibilitat en el lloguer d&#8217;un habitatge o de diversos immobles.</p>
<p>[/vc_column_text][/vc_column_inner][vc_column_inner width=&#8221;1/3&#8243;][vc_custom_heading text=&#8221;Gestionar lloguers&#8221; font_container=&#8221;tag:h3|text_align:left&#8221; use_theme_fonts=&#8221;yes&#8221;][vc_column_text]</p>
<p style="text-align: justify;">Una de les activitats fonamentals en la gestió de patrimonis d&#8217;actius immobles és la gestió de lloguers. Ens ocupem de tot: assessorament per a taxacions de lloguer, cobraments, pagaments a proveïdors, avaries als habitatges o locals llogats, contractes de lloguer i, si cal, disposem de serveis jurídics per a reclamacions extrajudicials o judicials.<br />
Que un sol propietari o propietària de diversos immobles faci tota aquesta feina, pot arribar a resultar una tasca gairebé impossible. Amb Som Gestio tindràs la tranquil·litat que tota la gestió està controlada per autèntics professionals especialitzats. Fins i tot en casos d&#8217;impagaments, sempre hi haurà solucions.</p>
<p>[/vc_column_text][/vc_column_inner][vc_column_inner width=&#8221;1/3&#8243;][vc_custom_heading text=&#8221;Assessorament financer&#8221; font_container=&#8221;tag:h3|text_align:left&#8221; use_theme_fonts=&#8221;yes&#8221;][vc_column_text]</p>
<p style="text-align: justify;">De la mateixa manera, podeu recórrer a nosaltres per obtenir informació financera sobre fons d&#8217;inversió i altres actius financers que llancen al mercat les diferents entitats de banca privada. Molts daquests productes financers poden ser una via per maximitzar la rendibilitat generada pel nostre patrimoni.<br />
Moltes tenen el seu risc, per això comptar amb l&#8217;assessorament d&#8217;especialistes ens ajudarà a minimitzar aquest risc que sempre comporta, en menor o major mesura, la inversió en aquests productes i obtenir així el màxim benefici econòmic per als nostres clients. Assegura&#8217;t la millor gestió del patrimoni de què disposes actualment i garanteix el teu futur i el dels teus.</p>
<p>[/vc_column_text][/vc_column_inner][/vc_row_inner][vc_empty_space height=&#8221;50px&#8221;][/vc_column][/vc_row][vc_row full_width=&#8221;stretch_row&#8221; css=&#8221;.vc_custom_1613675632054{margin-bottom: -70px !important;background-color: #6c98e1 !important;background-position: center !important;background-repeat: no-repeat !important;background-size: cover !important;}&#8221;][vc_column][vc_empty_space height=&#8221;70px&#8221;][vc_custom_heading text=&#8221;Altres incidències de les que ens ocupem&#8221; font_container=&#8221;tag:h2|text_align:center|color:%23ffffff&#8221; use_theme_fonts=&#8221;yes&#8221;][vc_column_text]<span style="color: #ffffff;">En el cas que necessitis serveis de gestió de l&#8217;arrendament a Olesa de Montserrat i rodalies, no dubtis a contactar-nos, encara que només sigui a efectes informatius. Contacta amb Som Gestio i t&#8217;informem.</span>[/vc_column_text][vc_empty_space height=&#8221;20px&#8221;][vc_btn title=&#8221;CONTACTA ARA&#8221; style=&#8221;custom&#8221; custom_background=&#8221;#025692&#8243; custom_text=&#8221;#ffffff&#8221; shape=&#8221;square&#8221; size=&#8221;lg&#8221; align=&#8221;center&#8221; button_block=&#8221;true&#8221; link=&#8221;url:%2Fca%2Fcontacte%2F&#8221;][vc_empty_space height=&#8221;70px&#8221;][/vc_column][/vc_row]</p>

<p>[vc_row][vc_column][vc_column_text] Oferim un servei de gestió patrimonial des de la responsabilitat social, el compromís amb cada client i la qualificació en matèria financera. Som Gestió és el que necessites per obtenir la màxima rendibilitat en les inversions, el més gran estalvi en les despeses i la gestió de lloguers més eficient. [/vc_column_text][vc_empty_space height=&#8221;20px&#8221;][/vc_column][/vc_row][vc_row][vc_column][vc_custom_heading text=&#8221;Gestió d&#8217;arrendaments…</p>
